 4 = 4*x, -2 = -2*x - 3*m. Let j be -6*(-1)/3*(x + -2). Is 4 - (78/j - -4) composite?
True
Let b(g) = g**3 + 16*g**2 - 7*g - 11. Let x = -108 - -117. Is b(x) composite?
False
Let o(z) = -83*z + 6. Suppose -k = 2*f - 6, 6 = 2*f - 4*k - 10. Suppose -7*g = -3*g + f. Is o(g) a composite number?
False
Suppose 10*t = -3*t + 48*t - 325255. Is t prime?
True
Let o(c) = 2317 + c - 2*c**2 + c**3 - c. Let q be ((-3)/(-30) - (-1)/(-10))/2. Is o(q) a prime number?
False
Suppose 0 = -4*t - d + 22, 5*t - d - d = 21. Suppose -2*a + 178 = -a - 2*o, -5*o = t*a - 845. Suppose -5794 = -6*f - a. Is f a prime number?
True
Let b = 318 + -492. Is (b/(-24))/(2/(-4))*-34 a prime number?
False
Let u(d) = 823*d**2 - 483*d + 1. Is u(20) prime?
True
Suppose -4*u - 5*m = -4430583, -1107658 = -14*u + 13*u - 3*m. Is u prime?
False
Let o = -25356 + 65329. Is o a prime number?
False
Let u(q) = 2*q**2 + 285*q + 189. Is u(55) composite?
True
Let o = -1261538 + 2151519. Is o a composite number?
True
Let c(b) = 594*b**2 + 10*b + 1. Suppose -5*z = -m - 2, 2*m - 2 = -7*z + 11*z. Is c(m) prime?
False
Suppose 54*k - 1499679 = -1293159 + 2788806. Is k a prime number?
True
Let v = -332 - -335. Suppose -v*w = 4*j - 28817, 2*w - j = -2*j + 19203. Is w a composite number?
True
Suppose 36 = -2*h + 11*h. Suppose 3*s = 6, 3*y = -y - h*s. Is 1473/2 - (1 + 0)/y composite?
True
Suppose 5*g - 11*b = -16*b + 449325, -2*g = -2*b - 179714. Suppose 0 = -15*p - 8*p + g. Is p a prime number?
True
Suppose -152*l - 4*j = -155*l + 1401959, -5*l + 2*j + 2336589 = 0. Is l composite?
False
Suppose 0 = -12*l + 294858 + 80730. Let a = l - 2234. Is a composite?
True
Suppose 44922*h = 44892*h + 4884150. Is h composite?
True
Let v = -6 + 8. Suppose -9*c + 13*c + 4*g - 28 = 0, 4*g - 16 = 2*c. Suppose -c*r + v = 8, 2*r = -2*m + 164. Is m composite?
True
Let l(c) = -566129*c - 6150. Is l(-5) a composite number?
True
Let q(k) = 16267*k**3 + k**2 - 65*k + 190. Is q(3) prime?
False
Suppose -11833 - 12957 = 5*v. Let h = 3392 + v. Let u = h + 2461. Is u composite?
True
Let j(h) = 18*h**2 - 44*h - 43. Is j(40) a composite number?
True
Suppose 13*v + 909941 = 50*v. Is v a prime number?
True
Suppose 3*z - 2*s - 4171 = -0*z, z + s = 1397. Suppose 0 = -2*m - 5*m + z. Suppose -p - 4*b = -m, -368 = -2*p + 6*b - 4*b. Is p prime?
False
Suppose -2 = -2*p - 0, -2*q + 5*p = -35. Suppose -q*x + 30382 + 126238 = 0. Is x prime?
False
Let r = 207150 - 70973. Is r a composite number?
False
Suppose -3*t + 6*t + 789485 = 4*u, 0 = -5*u - 2*t + 986839. Is u composite?
False
Let v = -14676 - -25592. Suppose 3*q = v - 701. Suppose 0 = -3*h - 3*s + 2241, 5*h - q = 4*s + 312. Is h a prime number?
False
Suppose 4*j + 2*o - o + 48 = 0, -3*o = 3*j + 36. Let q = 1 + 3. Is ((-3)/j)/(q/10096) a prime number?
True
Let q(s) = -s**3 + 23*s**2 - 16*s - 97. Let g be q(22). Suppose 13*k = g*k - 23914. Is k a composite number?
False
Is (-3)/2*-844209 + (-1)/2 a prime number?
False
Suppose -16*m = -13*m - 30. Suppose -m*y + 470 + 8400 = 0. Is y prime?
True
Let k(w) = 5777*w - 138. Is k(1) composite?
False
Let q = -5 - -7. Let y(n) = 296*n - 22. Let r be y(2). Suppose -q*c + 8*c = r. Is c prime?
False
Suppose -2*g - 60 = 3*g. Let x be 1/(-2 - 0) + 5070/g. Let z = x + 832. Is z a composite number?
False
Suppose 0 = -6*z + 3*z. Let r = -597 + 605. Suppose o - r*o + 2317 = z. Is o composite?
False
Let h(n) = 92*n**2 - 88*n - 19. Is h(-13) composite?
False
Let a(l) = 17*l**2 - 12*l + 6. Suppose 0 = 3*g + 2*g - 5*h + 15, 2*h = 6. Suppose -4*w + 7*w - 33 = g. Is a(w) a prime number?
True
Let m(y) = 3*y - 9. Let s be m(10). Let h = s + 56. Suppose 0*t + t - h = 0. Is t a prime number?
False
Suppose 93155 = 48*f - 28669. Is (5 - 1) + (f - 12) + -9 composite?
False
Suppose 0 = b - 5, 6*f = 2*f + 3*b + 85. Suppose -43087 + 3362 = -f*i. Is i a composite number?
True
Suppose -81*i + 16034835 = -66*i. Is i prime?
True
Let c(n) = -n**3 - 28*n**2 + 7*n + 22. Let v be c(-27). Let z = 1254 + v. Is z composite?
True
Let h be (7/(147/6))/((-2)/(-14)). Suppose h*r + b + 0 = -3, -5*r - 5 = 5*b. Is (1 + 1)/(r/(-1059)) a prime number?
False
Let x be (-12)/32 + (-13)/8. Is x*(-25735)/(-20)*-2 a prime number?
True
Let m(c) be the first derivative of 21*c**4/4 + c**3/3 + 5*c**2/2 - 5*c + 7. Let f be m(3). Is (6/8)/((-7)/28) + f a prime number?
False
Let w(f) = -3366*f - 2533. Is w(-7) a prime number?
False
Let o(w) = 185*w**2 + 52*w - 599. Is o(26) a composite number?
False
Let m = 28195 - -99886. Is m a prime number?
False
Let b(q) = -7883*q**3 - 23*q**2 - 39*q + 9. Is b(-2) a prime number?
True
Let q = -43 - -43. Suppose 5*d - t = -q*t + 5907, 0 = 2*t + 4. Let z = d - 640. Is z composite?
False
Let x(u) = -1 - 9*u + 2 + 2 + u**2 + 4. Let l be x(10). Is (0 + 31)*l + 0 + 2 composite?
True
Let j = 22440 - 6353. Is j prime?
True
Let w(c) = -5*c**3 - c**2. Let f(z) = -z**2 - 10*z - 18. Let p be f(-8). Let x be w(p). Is (1172/(-8))/(x/(-8) + 4) prime?
True
Suppose 10*z + 102175 - 261827 = 1584558. Is z a prime number?
False
Suppose 6*s = 10*s + 192. Let n be s/(-4)*(-1)/(-3 - -2). Is (1083/n + 5)/(3/8) a composite number?
True
Let x(i) = 5*i - 6. Let j(p) = -p + 6. Let y be j(4). Let f be x(y). Is 1286/4 + 6/f composite?
True
Suppose 1276014 + 906957 = 21*u. Is u a composite number?
False
Suppose 8*o + 7*o + o = 492496. Is o prime?
True
Let v(x) = 6042*x + 1061. Is v(25) composite?
False
Let r = 1449501 - 811499. Is r prime?
False
Let m be ((-3)/12)/(4/9488). Let l = 768 - m. Is l a prime number?
True
Suppose -11 = -3*p + a + 5, -5*a = 4*p + 4. Let j(t) = -108*t + 26. Let q(n) = -106*n + 33. Let w(o) = -4*j(o) + 3*q(o). Is w(p) prime?
False
Let z(g) = -g**3 - 10*g**2 - 21*g + 5. Let x be z(-7). Suppose -3*f = x*y - 1465, 420 = 2*y - 3*f - 166. Is y a composite number?
False
Suppose -175*x + 147*x - 564084 + 2960128 = 0. Is x a composite number?
True
Let a(z) = -14*z**2 + 8*z**3 - 32 + 7*z**2 - 6*z + 10. Is a(9) a composite number?
False
Suppose 3*y - 78*o = -76*o + 37527, 4*y + o - 50047 = 0. Is y composite?
False
Suppose -t - 5*o = 0, t = 5*o - o + 9. Suppose 5*d + t = 5*i, 3*d - 1 = 2*i - 2. Suppose -5*l + 11103 = i*v, 3*l + 4*v = -0*v + 6659. Is l a prime number?
True
Is ((-8010249)/(-26))/((-3)/5*(-65)/26) a prime number?
True
Let c = 406166 - 29175. Is c a composite number?
True
Suppose -1007*p + 958*p = -11206447. Is p composite?
True
Suppose 31 = 5*i - 44. Suppose i*o - 165421 = 15989. Let v = o - 8505. Is v a prime number?
False
Let p = -645276 - -1075978. Is p composite?
True
Let u(a) = 104*a**3 - 3*a**2 - 23*a + 79. Is u(12) a composite number?
False
Let g be ((-12)/(-9) + 1026/(-405))/(2/15). Let w = 9 - 5. Is (g - -5) + w + 1567 a composite number?
False
Let c(r) = 5*r - 14. Let v be c(4). Let y(s) = v + 195*s - 311*s - 431*s + 8. Is y(-5) a prime number?
True
Suppose -9*l + 7*l + 106 = 0. Suppose -52*k + l*k = 785. Is k composite?
True
Suppose 3*p - 2*o - 2323 = 4*p, -9292 = 4*p - 3*o. Let c = 3580 + p. Is c prime?
False
Suppose 2857084 + 883222 = -30*n + 76*n. Is n a composite number?
True
Let f(o) = o**2 + 27*o - 42. Let l be f(-29). Is l/72 - (-293457)/27 composite?
True
Let l(p) = -57*p + 14. Let j(w) be the first derivative of 29*w**2 - 13*w - 11. Let a(z) = -2*j(z) - 3*l(z). Is a(5) prime?
False
Let z(d) = 7*d**3 - 46*d**2 + d + 580. Is z(21) a composite number?
True
Suppose -13*s + 11*s = 4*w - 3850, 0 = -s + 4*w + 1889. Is s prime?
True
Let t(l) = 6580*l - 6151. Is t(38) composite?
False
Suppose 13*l - 3*z = 14*l - 161, -5*z = -4*l + 627. Suppose -3*x = -12, 2*o - x - 4*x - l = 0. Is o a composite number?
False
Suppose -3*i - o + 6 = 0, 4*i - 3*i + 3*o = -6. Suppose -5*r + 15 = 0, 3*r - 34 = -i*t + 11. Is (4/2)/(t/(-22170)*-5) prime?
True
Suppose 4*z - 40*k - 23834 = -41*k, k + 2 = 0. Is z prime?
False
Is 6/(-2) + (6 - -84779) - 1 a prime number?
False
Suppose 0 = -5*j + 5050 + 560. Suppose -3*f + 2934 = j. Let u = f + -403. Is u a prime number?
False
Suppose -563*c = -729*c + 8468158. Is c composite?
True
Is 275542*(0 + (-4)/(-8)) a prime number?
True
Suppose 0 = f + f - 6. Suppose 506 = 4*b - f*t - 1539, -2557 = -5*b + 4*t. Is b a prime number?
True
Let g(h) = 127*h + 22. Let x be g(-10). Let z = 2925 + x. Suppose z = 5*w - 818. Is w prime?
True
Let y(w) = -w**3 +